{"id":2,"date":"2023-02-01T09:48:21","date_gmt":"2023-02-01T08:48:21","guid":{"rendered":"http:\/\/127.0.0.1:8888\/aksioma-scale\/?page_id=2"},"modified":"2024-06-23T16:01:10","modified_gmt":"2024-06-23T14:01:10","slug":"home","status":"publish","type":"page","link":"https:\/\/aksioma.org\/unrealdata\/","title":{"rendered":"Home"},"content":{"rendered":"\n<p><strong>The 15<sup>th<\/sup> edition of<em> Tactics&amp;Practice <\/em>explores how the ambiguous quality of data can be used as a tool to produce real-world outcomes. Can the act of purposely creating data provide agency within data-driven systems? Is it possible to manipulate data to create specific effects?<\/strong><\/p>\n\n\n\n    <style>\n        .tabs__head { display: flex; }\n        .tabs__tab { display: block; padding: 20px; text-decoration: none !important; flex: 0 1 25%; transition: opacity 0.2s; opacity: 0.3; position: relative; }\n        .tabs__tab.is-active, .tabs__tab:hover { opacity: 1; }\n        .tabs__icon { max-width: 106px; position: relative; margin: 0 auto; }\n        .tabs__icon:before { display: block; content: ''; padding-top: 93.4%; }\n        .tabs__icon img { position: absolute; top: 0; left: 0; width: 100%; height: 100%; }\n        .tabs__date { font-size: 15px; }\n        .tabs__section:not(.is-active) { display: none; }\n        .tabs__section { padding: 20px; }\n        .tabs__section .wp-block-button__link { margin-bottom: 20px; }\n        @media screen and (max-width: 781px) {\n            .tabs { margin-left: -20px; margin-right: -20px; }\n            .tabs__tab.is-active { flex-basis: calc(100% - 60px); }\n\t\t\t.tabs__tab.is-active .tabs__name { display: none; }\n            .tabs__tab:not(.is-active) > *:not(.tabs__name) { display: none; }\n            .tabs__tab:not(.is-active) > .tabs__name { position: absolute; bottom: 20px; left: 50%; white-space: nowrap; transform: rotate(-90deg) translateY(50%); transform-origin: bottom left; }\n        }\n        @media screen and (min-width: 782px) {\n\t\t\t.tabs__name { display: none; }\n\t\t\t.tabs__icon { max-width: 146px; }\n        }\n    <\/style>\n\n    <div class=\"tabs js-tabs\">\n        <div class=\"tabs__head\">\n                            <a class=\"tabs__tab\" href=\"#tab-1\" style=\"background-color: #9D9D9C;\">\n                                            <div class=\"tabs__icon\">\n                            <img decoding=\"async\" src=\"https:\/\/aksioma.org\/unrealdata\/wp-content\/uploads\/2024\/02\/icon-01@2x.png\" alt=\"\">\n                        <\/div>\n                                        <div class=\"tabs__name\">\n                        Conference                    <\/div>\n                <\/a>\n                            <a class=\"tabs__tab\" href=\"#tab-2\" style=\"background-color: #ffe833;\">\n                                            <div class=\"tabs__icon\">\n                            <img decoding=\"async\" src=\"https:\/\/aksioma.org\/unrealdata\/wp-content\/uploads\/2024\/02\/icon-02@2x.png\" alt=\"\">\n                        <\/div>\n                                        <div class=\"tabs__name\">\n                        Node #1                    <\/div>\n                <\/a>\n                            <a class=\"tabs__tab\" href=\"#tab-3\" style=\"background-color: #3381fd;\">\n                                            <div class=\"tabs__icon\">\n                            <img decoding=\"async\" src=\"https:\/\/aksioma.org\/unrealdata\/wp-content\/uploads\/2024\/02\/icon-03@2x.png\" alt=\"\">\n                        <\/div>\n                                        <div class=\"tabs__name\">\n                        Node #2                    <\/div>\n                <\/a>\n                            <a class=\"tabs__tab\" href=\"#tab-4\" style=\"background-color: #ec5d65;\">\n                                            <div class=\"tabs__icon\">\n                            <img decoding=\"async\" src=\"https:\/\/aksioma.org\/unrealdata\/wp-content\/uploads\/2024\/02\/icon-04@2x.png\" alt=\"\">\n                        <\/div>\n                                        <div class=\"tabs__name\">\n                        Node #3                    <\/div>\n                <\/a>\n                    <\/div>\n        <div class=\"tabs__content\">\n                            <div class=\"tabs__section\" id=\"tab-1\" style=\"background-color: #9D9D9C;\">\n                    <p>\n                        Conference<br \/>\n                        27 February 2024                    <\/p>\n                    <p>&nbsp;<\/p>\n                                            <p>Katedrala hall \/ Kino \u0160i\u0161ka, Ljubljana<br \/>\n16:30-20:00<\/p>\n<p>Alexandre Puttick, Cornelia Sollfrank, Felix Stalder, Gloria Gammer, Marta Peirano, !Mediengruppe Bitnik, Neja Berger, Simon Weckert<br \/>\n<em><a href=\"https:\/\/aksioma.org\/unrealdata\/conference\/\">(Un)real Data &#8211; Real Effects<\/a><\/em><\/p>\n<p>&nbsp;<\/p>\n<p>&#8211;<\/p>\n<p>&nbsp;<\/p>\n<p>Kamera (foyer) \/ Kino \u0160i\u0161ka, Ljubljana<br \/>\nExhibition opening<br \/>\n20:00-21:00<br \/>\nSimon Weckert<br \/>\n<i><a href=\"https:\/\/aksioma.org\/unrealdata\/exhibitions\/google-maps-hacks\/\">Google Maps Hacks<\/a><\/i><\/p>\n<p>&nbsp;<\/p>\n<p>&#8211;<\/p>\n<p>&nbsp;<\/p>\n<p>Komuna hall \/ Kino \u0160i\u0161ka, Ljubljana<br \/>\nLive game show<br \/>\n21:00-22:30<br \/>\nSebastian Schmieg<br \/>\n<em><a href=\"https:\/\/aksioma.org\/unrealdata\/conference\/prompt-battle\/\">Prompt Battle<\/a><\/em><\/p>\n<p>&nbsp;<\/p>\n<p>&#8211;<\/p>\n<p>&nbsp;<\/p>\n<p>Lower foyer \/ Kino \u0160i\u0161ka, Ljubljana<br \/>\nLive DJ set<br \/>\n22:30-00:00<br \/>\nDJ DVMIR<\/p>\n                                    <\/div>\n                            <div class=\"tabs__section\" id=\"tab-2\" style=\"background-color: #ffe833;\">\n                    <p>\n                        Node #1<br \/>\n                        26 February\u201322 March 2024                    <\/p>\n                    <p>&nbsp;<\/p>\n                                            <p><b>Simon Weckert<\/b><\/p>\n<p>&nbsp;<\/p>\n<p><i><a href=\"https:\/\/aksioma.org\/unrealdata\/exhibitions\/the-republic-of-null-island\/\">The Republic of Null Island<\/a><br \/>\n<\/i>Opening: 26 February, 19:00<br \/>\n26 February\u201322 March 2024<br \/>\nAksioma | Project Space<br \/>\n(exhibition)<\/p>\n<p>&nbsp;<\/p>\n<p><i><a href=\"https:\/\/aksioma.org\/unrealdata\/artist-talks\/the-map-becomes-the-territory-street-3-0\/\">The Map Becomes the Territory \u2013 Street 3.0<\/a><br \/>\n<\/i>28 February 2024, 15:00-16:00<i><br \/>\n<\/i>ALUO\/Toba\u010dna<br \/>\n(artist talk)<\/p>\n<p>&nbsp;<\/p>\n<p><i><a href=\"https:\/\/aksioma.org\/unrealdata\/workshops\/dreams-and-disruptions-machine-unlearning-for-artists\/\">Dreams and Disruptions: Machine Unlearning for Artists<\/a><br \/>\n<\/i>28 February 2024, 16:00-18:00<br \/>\nALUO\/Toba\u010dna<br \/>\n(workshop)<\/p>\n                                    <\/div>\n                            <div class=\"tabs__section\" id=\"tab-3\" style=\"background-color: #3381fd;\">\n                    <p>\n                        Node #2<br \/>\n                        2\u201326 April 2024                    <\/p>\n                    <p>&nbsp;<\/p>\n                                            <p><b>Selena Savi\u0107, Gordan Savi\u010di\u0107 &amp; !Mediengruppe Bitnik<\/b><\/p>\n<p>&nbsp;<\/p>\n<p><i><a href=\"https:\/\/aksioma.org\/unrealdata\/workshops\/%e2%ad%90-1-star-workshop\/\">\u2b50 1 Star Workshop<\/a><br \/>\n<\/i>2 April 2024, 15:00-18:00<br \/>\nALUO\/Toba\u010dna<br \/>\n(workshop)<\/p>\n<p>&nbsp;<\/p>\n<p><i><a href=\"https:\/\/aksioma.org\/unrealdata\/artist-talks\/ratings-suck-how-did-we-even-get-to-this-point\/\">Ratings Suck!!! How Did We Even Get to This Point????<\/a><br \/>\n<\/i>3 April 2024, 19:00<br \/>\nAksioma | Project Space<br \/>\n(artist talk)<\/p>\n<p>&nbsp;<\/p>\n<p><i><a href=\"https:\/\/aksioma.org\/unrealdata\/exhibitions\/one-star-review-tour\/\">One Star Review Tour<\/a><br \/>\n<\/i>Opening: 3 April 2024, 19:00<i><br \/>\n<\/i>3\u201326 April 2024<br \/>\nAksioma | Project Space<br \/>\n(exhibition)<\/p>\n                                    <\/div>\n                            <div class=\"tabs__section\" id=\"tab-4\" style=\"background-color: #ec5d65;\">\n                    <p>\n                        Node #3<br \/>\n                        15 May\u201314 June 2024                    <\/p>\n                    <p>&nbsp;<\/p>\n                                            <p><strong>Valentina Tanni<\/strong><\/p>\n<p>&nbsp;<\/p>\n<p><em><a href=\"https:\/\/aksioma.org\/unrealdata\/artist-talks\/internet-aesthetics-a-journey-beyond-the-threshold\/\">Internet Aesthetics: A Journey Beyond the Threshold<\/a><br \/>\n<\/em>15 May 2024, 15:00-16:00<em><br \/>\n<\/em>ALUO\/Erjav\u010deva<em><br \/>\n<\/em>(talk)<\/p>\n<p>&nbsp;<\/p>\n<p><b>Total Refusal<\/b><\/p>\n<p>&nbsp;<\/p>\n<p><i><a href=\"https:\/\/aksioma.org\/unrealdata\/workshops\/open-ended-stories\/\">Open-ended Stories<\/a><br \/>\n<\/i>15 May 2024, 16:00-18:00<i><br \/>\n<\/i>ALUO\/Toba\u010dna<br \/>\n(workshop)<\/p>\n<p>&nbsp;<\/p>\n<p><i><a href=\"https:\/\/aksioma.org\/unrealdata\/exhibitions\/bpm\/\">BPM<\/a><br \/>\n<\/i>Opening: 15 May at 19:00<i><br \/>\n<\/i>15 May\u201314 June 2024<br \/>\nAksioma | Project Space<br \/>\n(exhibition)<\/p>\n<p>&nbsp;<\/p>\n<p>&#8212;<\/p>\n<p>&nbsp;<\/p>\n<p><b>Valentina Tanni &amp; Total Refusal<\/b><\/p>\n<p>&nbsp;<\/p>\n<p><i><a href=\"https:\/\/aksioma.org\/unrealdata\/performances\/lets-play-exit-reality\/\">Let\u2019s play: Brexit Reality<\/a><br \/>\n<\/i>16 May 2024, 19:00-20:00<i><br \/>\n<\/i>Slovenska kinoteka<br \/>\n(let\u2019s play)<\/p>\n                                    <\/div>\n                    <\/div>\n    <\/div>\n\n\n\n\n<p><em>(Un)real Data \u2013 Real Effects<\/em> is a programme by !Mediengruppe Bitnik that is based on their research project <em><a href=\"https:\/\/latentspaces.zhdk.ch\">Latent Spaces: Performing Ambiguous Data<\/a><\/em> at the Z\u00fcrich University of the Arts and curated in cooperation with Aksioma. The conference is developed in collaboration with Felix Stalder and with the generous curatorial advice of the Latent Spaces research group.<\/p>\n","protected":false},"excerpt":{"rendered":"<p>The 15th edition of Tactics&amp;Practice explores how the ambiguous quality of data can be used as a tool to produce real-world outcomes. Can the act of purposely creating data provide agency within data-driven systems? Is it possible to manipulate data to create specific effects? (Un)real Data \u2013 Real Effects is a programme by !Mediengruppe Bitnik [&hellip;]<\/p>\n","protected":false},"author":1,"featured_media":765,"parent":0,"menu_order":-1,"comment_status":"closed","ping_status":"closed","template":"","meta":{"_acf_changed":false,"footnotes":""},"class_list":["post-2","page","type-page","status-publish","has-post-thumbnail","hentry"],"acf":[],"yoast_head":"<!-- This site is optimized with the Yoast SEO plugin v27.2 - https:\/\/yoast.com\/product\/yoast-seo-wordpress\/ -->\n<title>Home - Tactics&amp;Practice #15: (Un)real data - Real Effects<\/title>\n<meta name=\"robots\" content=\"index, follow, max-snippet:-1, max-image-preview:large, max-video-preview:-1\" \/>\n<link rel=\"canonical\" href=\"https:\/\/aksioma.org\/unrealdata\/\" \/>\n<meta property=\"og:locale\" content=\"en_US\" \/>\n<meta property=\"og:type\" content=\"article\" \/>\n<meta property=\"og:title\" content=\"Tactics&amp;Practice #15: (Un)real Data \u2013 Real Effects\" \/>\n<meta property=\"og:description\" content=\"The 15th edition of Tactics&amp;Practice explores how the ambiguous quality of data can be used as a tool to produce real-world outcomes. Can the act of purposely creating data provide agency within data-driven systems? Is it possible to manipulate data to create specific effects? (Un)real Data \u2013 Real Effects is a programme by !Mediengruppe Bitnik [&hellip;]\" \/>\n<meta property=\"og:url\" content=\"https:\/\/aksioma.org\/unrealdata\/\" \/>\n<meta property=\"og:site_name\" content=\"Tactics&amp;Practice #15: (Un)real data - Real Effects\" \/>\n<meta property=\"article:modified_time\" content=\"2024-06-23T14:01:10+00:00\" \/>\n<meta property=\"og:image\" content=\"https:\/\/aksioma.org\/unrealdata\/wp-content\/uploads\/2024\/02\/TP15-web.png\" \/>\n\t<meta property=\"og:image:width\" content=\"1200\" \/>\n\t<meta property=\"og:image:height\" content=\"630\" \/>\n\t<meta property=\"og:image:type\" content=\"image\/png\" \/>\n<meta name=\"twitter:card\" content=\"summary_large_image\" \/>\n<meta name=\"twitter:label1\" content=\"Est. reading time\" \/>\n\t<meta name=\"twitter:data1\" content=\"1 minute\" \/>\n<script type=\"application\/ld+json\" class=\"yoast-schema-graph\">{\"@context\":\"https:\/\/schema.org\",\"@graph\":[{\"@type\":\"WebPage\",\"@id\":\"https:\/\/aksioma.org\/unrealdata\/\",\"url\":\"https:\/\/aksioma.org\/unrealdata\/\",\"name\":\"Home - Tactics&amp;Practice #15: (Un)real data - Real Effects\",\"isPartOf\":{\"@id\":\"https:\/\/aksioma.org\/unrealdata\/#website\"},\"primaryImageOfPage\":{\"@id\":\"https:\/\/aksioma.org\/unrealdata\/#primaryimage\"},\"image\":{\"@id\":\"https:\/\/aksioma.org\/unrealdata\/#primaryimage\"},\"thumbnailUrl\":\"https:\/\/aksioma.org\/unrealdata\/wp-content\/uploads\/2024\/02\/TP15-web.png\",\"datePublished\":\"2023-02-01T08:48:21+00:00\",\"dateModified\":\"2024-06-23T14:01:10+00:00\",\"breadcrumb\":{\"@id\":\"https:\/\/aksioma.org\/unrealdata\/#breadcrumb\"},\"inLanguage\":\"en-US\",\"potentialAction\":[{\"@type\":\"ReadAction\",\"target\":[\"https:\/\/aksioma.org\/unrealdata\/\"]}]},{\"@type\":\"ImageObject\",\"inLanguage\":\"en-US\",\"@id\":\"https:\/\/aksioma.org\/unrealdata\/#primaryimage\",\"url\":\"https:\/\/aksioma.org\/unrealdata\/wp-content\/uploads\/2024\/02\/TP15-web.png\",\"contentUrl\":\"https:\/\/aksioma.org\/unrealdata\/wp-content\/uploads\/2024\/02\/TP15-web.png\",\"width\":1200,\"height\":630},{\"@type\":\"BreadcrumbList\",\"@id\":\"https:\/\/aksioma.org\/unrealdata\/#breadcrumb\",\"itemListElement\":[{\"@type\":\"ListItem\",\"position\":1,\"name\":\"Home\",\"item\":\"https:\/\/aksioma.org\/unrealdata\/\"},{\"@type\":\"ListItem\",\"position\":2,\"name\":\"Home\"}]},{\"@type\":\"WebSite\",\"@id\":\"https:\/\/aksioma.org\/unrealdata\/#website\",\"url\":\"https:\/\/aksioma.org\/unrealdata\/\",\"name\":\"Tactics&amp;Practice #15: (Un)real data - Real Effects\",\"description\":\"\",\"potentialAction\":[{\"@type\":\"SearchAction\",\"target\":{\"@type\":\"EntryPoint\",\"urlTemplate\":\"https:\/\/aksioma.org\/unrealdata\/?s={search_term_string}\"},\"query-input\":{\"@type\":\"PropertyValueSpecification\",\"valueRequired\":true,\"valueName\":\"search_term_string\"}}],\"inLanguage\":\"en-US\"}]}<\/script>\n<!-- \/ Yoast SEO plugin. -->","yoast_head_json":{"title":"Home - Tactics&amp;Practice #15: (Un)real data - Real Effects","robots":{"index":"index","follow":"follow","max-snippet":"max-snippet:-1","max-image-preview":"max-image-preview:large","max-video-preview":"max-video-preview:-1"},"canonical":"https:\/\/aksioma.org\/unrealdata\/","og_locale":"en_US","og_type":"article","og_title":"Tactics&Practice #15: (Un)real Data \u2013 Real Effects","og_description":"The 15th edition of Tactics&amp;Practice explores how the ambiguous quality of data can be used as a tool to produce real-world outcomes. Can the act of purposely creating data provide agency within data-driven systems? Is it possible to manipulate data to create specific effects? (Un)real Data \u2013 Real Effects is a programme by !Mediengruppe Bitnik [&hellip;]","og_url":"https:\/\/aksioma.org\/unrealdata\/","og_site_name":"Tactics&amp;Practice #15: (Un)real data - Real Effects","article_modified_time":"2024-06-23T14:01:10+00:00","og_image":[{"width":1200,"height":630,"url":"https:\/\/aksioma.org\/unrealdata\/wp-content\/uploads\/2024\/02\/TP15-web.png","type":"image\/png"}],"twitter_card":"summary_large_image","twitter_misc":{"Est. reading time":"1 minute"},"schema":{"@context":"https:\/\/schema.org","@graph":[{"@type":"WebPage","@id":"https:\/\/aksioma.org\/unrealdata\/","url":"https:\/\/aksioma.org\/unrealdata\/","name":"Home - Tactics&amp;Practice #15: (Un)real data - Real Effects","isPartOf":{"@id":"https:\/\/aksioma.org\/unrealdata\/#website"},"primaryImageOfPage":{"@id":"https:\/\/aksioma.org\/unrealdata\/#primaryimage"},"image":{"@id":"https:\/\/aksioma.org\/unrealdata\/#primaryimage"},"thumbnailUrl":"https:\/\/aksioma.org\/unrealdata\/wp-content\/uploads\/2024\/02\/TP15-web.png","datePublished":"2023-02-01T08:48:21+00:00","dateModified":"2024-06-23T14:01:10+00:00","breadcrumb":{"@id":"https:\/\/aksioma.org\/unrealdata\/#breadcrumb"},"inLanguage":"en-US","potentialAction":[{"@type":"ReadAction","target":["https:\/\/aksioma.org\/unrealdata\/"]}]},{"@type":"ImageObject","inLanguage":"en-US","@id":"https:\/\/aksioma.org\/unrealdata\/#primaryimage","url":"https:\/\/aksioma.org\/unrealdata\/wp-content\/uploads\/2024\/02\/TP15-web.png","contentUrl":"https:\/\/aksioma.org\/unrealdata\/wp-content\/uploads\/2024\/02\/TP15-web.png","width":1200,"height":630},{"@type":"BreadcrumbList","@id":"https:\/\/aksioma.org\/unrealdata\/#breadcrumb","itemListElement":[{"@type":"ListItem","position":1,"name":"Home","item":"https:\/\/aksioma.org\/unrealdata\/"},{"@type":"ListItem","position":2,"name":"Home"}]},{"@type":"WebSite","@id":"https:\/\/aksioma.org\/unrealdata\/#website","url":"https:\/\/aksioma.org\/unrealdata\/","name":"Tactics&amp;Practice #15: (Un)real data - Real Effects","description":"","potentialAction":[{"@type":"SearchAction","target":{"@type":"EntryPoint","urlTemplate":"https:\/\/aksioma.org\/unrealdata\/?s={search_term_string}"},"query-input":{"@type":"PropertyValueSpecification","valueRequired":true,"valueName":"search_term_string"}}],"inLanguage":"en-US"}]}},"lang":"en","translations":{"en":2,"sl":168},"pll_sync_post":[],"_links":{"self":[{"href":"https:\/\/aksioma.org\/unrealdata\/wp-json\/wp\/v2\/pages\/2","targetHints":{"allow":["GET"]}}],"collection":[{"href":"https:\/\/aksioma.org\/unrealdata\/wp-json\/wp\/v2\/pages"}],"about":[{"href":"https:\/\/aksioma.org\/unrealdata\/wp-json\/wp\/v2\/types\/page"}],"author":[{"embeddable":true,"href":"https:\/\/aksioma.org\/unrealdata\/wp-json\/wp\/v2\/users\/1"}],"replies":[{"embeddable":true,"href":"https:\/\/aksioma.org\/unrealdata\/wp-json\/wp\/v2\/comments?post=2"}],"version-history":[{"count":0,"href":"https:\/\/aksioma.org\/unrealdata\/wp-json\/wp\/v2\/pages\/2\/revisions"}],"wp:featuredmedia":[{"embeddable":true,"href":"https:\/\/aksioma.org\/unrealdata\/wp-json\/wp\/v2\/media\/765"}],"wp:attachment":[{"href":"https:\/\/aksioma.org\/unrealdata\/wp-json\/wp\/v2\/media?parent=2"}],"curies":[{"name":"wp","href":"https:\/\/api.w.org\/{rel}","templated":true}]}}