{"id":191,"date":"2023-02-15T06:47:01","date_gmt":"2023-02-15T05:47:01","guid":{"rendered":"https:\/\/aksioma.org\/scale\/?page_id=191"},"modified":"2023-03-01T12:05:12","modified_gmt":"2023-03-01T11:05:12","slug":"kolofon","status":"publish","type":"page","link":"https:\/\/aksioma.org\/scale\/sl\/kolofon\/","title":{"rendered":"Kolofon"},"content":{"rendered":"\n<h2 class=\"wp-block-heading\"><strong>Taktike&amp;praksa #14: Merilo<\/strong><\/h2>\n\n\n\n<p>Marec\u2013maj 2023<\/p>\n\n\n\n<p>Sodelujo\u010di:<br>Anna Engelhardt, Anthony Downey, Bani Brusadin, Farzin Lotfi-Jam, Laura Tripaldi, Liam Young, Mark Cinkevich, Mojca Kumerdej, Nadim Choufi, Nestor Sir\u00e9, Nicole L\u2019Huillier, Solveig Qu Suess, Steffen K\u00f6hn, \u0160pela Petri\u010d, Yu Hsin Su<\/p>\n\n\n\n<p>Kurator programa: Janez Fakin Jan\u0161a<br>Vodja produkcije: Marcela Okreti\u010d<br>Izvr\u0161na producentka: Sonja Grdina<br>Asistenta produkcije: Maja Burja, Rok Krajnc<br>Promocija in upravljanje dru\u017ebenih medijev: Sonja Grdina, Tina Felicijan, Vid Hrovat, Dominika Ma\u0161a Kozar, Sara Vatovec<br>Spletni razvijalec: Igor Kova\u010di\u0107<br>Celostna grafi\u010dna podoba: Federico Antonini, Simone Cavallin<br><br>Koordinacija v Kinu \u0160i\u0161ka: Simona Jerala<br>Tehni\u010dna ekipa: Valter Udovi\u010di\u0107, Matej Marin\u010dek<br>Izvedba spletnega prenosa: Fixmedia<\/p>\n\n\n\n<p>Produkcija:<br><a href=\"https:\/\/aksioma.org\/sl\/\" target=\"_blank\" rel=\"noreferrer noopener\">Aksioma \u2013 Zavod za sodobne umetnosti, Ljubljana<\/a>, 2023<\/p>\n\n\n\n<figure class=\"wp-block-image size-full is-resized\"><img loading=\"lazy\" decoding=\"async\" src=\"https:\/\/aksioma.org\/scale\/wp-content\/uploads\/2023\/02\/aksioma@2x.png\" alt=\"\" class=\"wp-image-173\" width=\"94\" height=\"40\"\/><\/figure>\n\n\n\n<p>V sodelovanju s:<br><a href=\"https:\/\/www.kinosiska.si\" target=\"_blank\" rel=\"noreferrer noopener\">Center za urbano kulturo Kino \u0160i\u0161ka<\/a>, <a href=\"https:\/\/www.aluo.uni-lj.si\/\" target=\"_blank\" rel=\"noreferrer noopener\">ALUO \u2013 Akademija za likovno umetnost in oblikovanje Univerze v Ljubljani<\/a>, <a href=\"https:\/\/cukrarna.art\" target=\"_blank\" rel=\"noreferrer noopener\">MGML \/ Cukrarna<\/a>, <a href=\"https:\/\/www.lokalpatriot.si\/\" target=\"_blank\" rel=\"noreferrer noopener\">Lokalpatriot<\/a>, <a href=\"https:\/\/wiki.ljudmila.org\" target=\"_blank\" rel=\"noreferrer noopener\">Dru\u0161tvo Ljudmila, laboratorij za znanost in umetnost<\/a><\/p>\n\n\n\n<div class=\"wp-block-group logo-group\"><div class=\"wp-block-group__inner-container is-layout-constrained wp-block-group-is-layout-constrained\">\n<figure class=\"wp-block-image size-full is-resized\"><img loading=\"lazy\" decoding=\"async\" src=\"https:\/\/aksioma.org\/scale\/wp-content\/uploads\/2023\/02\/kino-siska@2x.png\" alt=\"\" class=\"wp-image-178\" width=\"94\" height=\"40\"\/><\/figure>\n\n\n\n<figure class=\"wp-block-image size-full is-resized\"><img loading=\"lazy\" decoding=\"async\" src=\"https:\/\/aksioma.org\/scale\/wp-content\/uploads\/2023\/02\/aluo@2x.png\" alt=\"\" class=\"wp-image-174\" width=\"116\" height=\"41\"\/><\/figure>\n\n\n\n<figure class=\"wp-block-image size-full is-resized\"><img loading=\"lazy\" decoding=\"async\" src=\"https:\/\/aksioma.org\/scale\/wp-content\/uploads\/2023\/02\/cukrarna@2x.png\" alt=\"\" class=\"wp-image-175\" width=\"136\" height=\"40\"\/><\/figure>\n\n\n\n<figure class=\"wp-block-image size-full is-resized\"><img loading=\"lazy\" decoding=\"async\" src=\"https:\/\/aksioma.org\/scale\/wp-content\/uploads\/2023\/02\/lokalpatriot@2x.png\" alt=\"\" class=\"wp-image-182\" width=\"145\" height=\"40\"\/><\/figure>\n\n\n\n<figure class=\"wp-block-image size-full is-resized\"><img loading=\"lazy\" decoding=\"async\" src=\"https:\/\/aksioma.org\/scale\/wp-content\/uploads\/2023\/02\/ljudmila@2x.png\" alt=\"\" class=\"wp-image-181\" width=\"43\" height=\"40\"\/><\/figure>\n<\/div><\/div>\n\n\n\n<p>Serija konferenc:<br><a href=\"https:\/\/aksioma.org\/tactics.practice\" target=\"_blank\" rel=\"noreferrer noopener\">Tactics&amp;Practice<\/a><\/p>\n\n\n\n<figure class=\"wp-block-image size-full is-resized\"><img loading=\"lazy\" decoding=\"async\" src=\"https:\/\/aksioma.org\/scale\/wp-content\/uploads\/2023\/02\/tip@2x.png\" alt=\"\" class=\"wp-image-185\" width=\"94\" height=\"40\"\/><\/figure>\n\n\n\n<p>Ta edicija <em>Taktik&amp;prakse<\/em> se v programskem smislu povezuje s festivalom transmediale 2023: <em>a model, a map, a fiction<\/em>. Idejno zasnovo so neodvisno razvili Janez Fakin Jan\u0161a in ekipa Aksioma ob kuratorskem nasvetu <strong>Nore O Murch\u00fa<\/strong>, umetni\u0161ke direktorice festivala transmediale.<\/p>\n\n\n\n<figure class=\"wp-block-image size-full is-resized\"><img loading=\"lazy\" decoding=\"async\" src=\"https:\/\/aksioma.org\/scale\/wp-content\/uploads\/2023\/02\/transmediale.png\" alt=\"\" class=\"wp-image-260\" width=\"172\" height=\"47\"\/><\/figure>\n\n\n\n<p>Vse aktivnosti v marcu potekajo v okviru<em> <\/em><a href=\"https:\/\/konsekvence.si\/\"><em>konSekvence \u2261 Fragmenti mo\u017enega ekosistema<\/em><\/a><em>.<\/em><\/p>\n\n\n\n<figure class=\"wp-block-image size-full is-resized\"><img loading=\"lazy\" decoding=\"async\" src=\"https:\/\/aksioma.org\/scale\/wp-content\/uploads\/2023\/02\/konsekvence@2x.png\" alt=\"\" class=\"wp-image-180\" width=\"40\" height=\"40\"\/><\/figure>\n\n\n\n<p>Konferenca<strong><em> <\/em><\/strong>in delavnice potekajo v okviru <a href=\"https:\/\/kons-platforma.org\/\"><em>konS \u2261 Platforme za sodobno raziskovalno umetnost<\/em><\/a>, ki je bila izbrana na javnem razpisu za izbor operacij \u00bbMre\u017ea centrov raziskovalnih umetnosti in kulture\u00ab. Nalo\u017ebo sofinancirata Republika Slovenija in Evropska unija iz Evropskega sklada za regionalni razvoj.<br><br>Razstave, predavanja in publikacije podpirata Ministrstvo za kulturo Republike Slovenije in Mestna ob\u010dina Ljubljana.<\/p>\n\n\n\n<p>Predavanje Laure Tripaldi podpira&nbsp;<a href=\"https:\/\/iiclubiana.esteri.it\/iic_lubiana\/sl\/istituto\/\" target=\"_blank\" rel=\"noreferrer noopener\">Italijanski in\u0161titut za kulturo v Sloveniji<\/a><\/p>\n\n\n\n<div class=\"wp-block-group logo-group\"><div class=\"wp-block-group__inner-container is-layout-constrained wp-block-group-is-layout-constrained\">\n<figure class=\"wp-block-image size-full is-resized\"><img loading=\"lazy\" decoding=\"async\" src=\"https:\/\/aksioma.org\/scale\/wp-content\/uploads\/2023\/02\/kons@2x.png\" alt=\"\" class=\"wp-image-179\" width=\"94\" height=\"40\"\/><\/figure>\n\n\n\n<figure class=\"wp-block-image size-full is-resized\"><img loading=\"lazy\" decoding=\"async\" src=\"https:\/\/aksioma.org\/scale\/wp-content\/uploads\/2023\/02\/mzk@2x.png\" alt=\"\" class=\"wp-image-184\" width=\"197\" height=\"40\"\/><\/figure>\n\n\n\n<figure class=\"wp-block-image size-full is-resized\"><img loading=\"lazy\" decoding=\"async\" src=\"https:\/\/aksioma.org\/scale\/wp-content\/uploads\/2023\/02\/eu@2x.png\" alt=\"\" class=\"wp-image-176\" width=\"96\" height=\"40\"\/><\/figure>\n\n\n\n<figure class=\"wp-block-image size-full is-resized\"><img loading=\"lazy\" decoding=\"async\" src=\"https:\/\/aksioma.org\/scale\/wp-content\/uploads\/2023\/02\/mol@2x.png\" alt=\"\" class=\"wp-image-183\" width=\"112\" height=\"40\"\/><\/figure>\n\n\n\n<figure class=\"wp-block-image size-full is-resized\"><img loading=\"lazy\" decoding=\"async\" src=\"https:\/\/aksioma.org\/scale\/wp-content\/uploads\/2023\/03\/IIC-vector-lubiana-BW-01-1.png\" alt=\"\" class=\"wp-image-375\" width=\"96\" height=\"52\"\/><\/figure>\n<\/div><\/div>\n","protected":false},"excerpt":{"rendered":"<p>Taktike&amp;praksa #14: Merilo Marec\u2013maj 2023 Sodelujo\u010di:Anna Engelhardt, Anthony Downey, Bani Brusadin, Farzin Lotfi-Jam, Laura Tripaldi, Liam Young, Mark Cinkevich, Mojca Kumerdej, Nadim Choufi, Nestor Sir\u00e9, Nicole L\u2019Huillier, Solveig Qu Suess, Steffen K\u00f6hn, \u0160pela Petri\u010d, Yu Hsin Su Kurator programa: Janez Fakin Jan\u0161aVodja produkcije: Marcela Okreti\u010dIzvr\u0161na producentka: Sonja GrdinaAsistenta produkcije: Maja Burja, Rok KrajncPromocija in upravljanje [&hellip;]<\/p>\n","protected":false},"author":2,"featured_media":0,"parent":0,"menu_order":90,"comment_status":"closed","ping_status":"closed","template":"","meta":{"_acf_changed":false,"footnotes":""},"class_list":["post-191","page","type-page","status-publish","hentry"],"acf":[],"yoast_head":"<!-- This site is optimized with the Yoast SEO plugin v27.2 - https:\/\/yoast.com\/product\/yoast-seo-wordpress\/ -->\n<title>Kolofon - Tactics&amp;Practice #14: Scale<\/title>\n<meta name=\"robots\" content=\"index, follow, max-snippet:-1, max-image-preview:large, max-video-preview:-1\" \/>\n<link rel=\"canonical\" href=\"https:\/\/aksioma.org\/scale\/sl\/kolofon\/\" \/>\n<meta property=\"og:locale\" content=\"en_US\" \/>\n<meta property=\"og:type\" content=\"article\" \/>\n<meta property=\"og:title\" content=\"Kolofon - Tactics&amp;Practice #14: Scale\" \/>\n<meta property=\"og:description\" content=\"Taktike&amp;praksa #14: Merilo Marec\u2013maj 2023 Sodelujo\u010di:Anna Engelhardt, Anthony Downey, Bani Brusadin, Farzin Lotfi-Jam, Laura Tripaldi, Liam Young, Mark Cinkevich, Mojca Kumerdej, Nadim Choufi, Nestor Sir\u00e9, Nicole L\u2019Huillier, Solveig Qu Suess, Steffen K\u00f6hn, \u0160pela Petri\u010d, Yu Hsin Su Kurator programa: Janez Fakin Jan\u0161aVodja produkcije: Marcela Okreti\u010dIzvr\u0161na producentka: Sonja GrdinaAsistenta produkcije: Maja Burja, Rok KrajncPromocija in upravljanje [&hellip;]\" \/>\n<meta property=\"og:url\" content=\"https:\/\/aksioma.org\/scale\/sl\/kolofon\/\" \/>\n<meta property=\"og:site_name\" content=\"Tactics&amp;Practice #14: Scale\" \/>\n<meta property=\"article:modified_time\" content=\"2023-03-01T11:05:12+00:00\" \/>\n<meta property=\"og:image\" content=\"https:\/\/aksioma.org\/scale\/wp-content\/uploads\/2023\/02\/aksioma@2x.png\" \/>\n<meta name=\"twitter:card\" content=\"summary_large_image\" \/>\n<meta name=\"twitter:label1\" content=\"Est. reading time\" \/>\n\t<meta name=\"twitter:data1\" content=\"4 minutes\" \/>\n<script type=\"application\/ld+json\" class=\"yoast-schema-graph\">{\"@context\":\"https:\/\/schema.org\",\"@graph\":[{\"@type\":\"WebPage\",\"@id\":\"https:\/\/aksioma.org\/scale\/sl\/kolofon\/\",\"url\":\"https:\/\/aksioma.org\/scale\/sl\/kolofon\/\",\"name\":\"Kolofon - Tactics&amp;Practice #14: Scale\",\"isPartOf\":{\"@id\":\"https:\/\/aksioma.org\/scale\/#website\"},\"primaryImageOfPage\":{\"@id\":\"https:\/\/aksioma.org\/scale\/sl\/kolofon\/#primaryimage\"},\"image\":{\"@id\":\"https:\/\/aksioma.org\/scale\/sl\/kolofon\/#primaryimage\"},\"thumbnailUrl\":\"https:\/\/aksioma.org\/scale\/wp-content\/uploads\/2023\/02\/aksioma@2x.png\",\"datePublished\":\"2023-02-15T05:47:01+00:00\",\"dateModified\":\"2023-03-01T11:05:12+00:00\",\"breadcrumb\":{\"@id\":\"https:\/\/aksioma.org\/scale\/sl\/kolofon\/#breadcrumb\"},\"inLanguage\":\"en-US\",\"potentialAction\":[{\"@type\":\"ReadAction\",\"target\":[\"https:\/\/aksioma.org\/scale\/sl\/kolofon\/\"]}]},{\"@type\":\"ImageObject\",\"inLanguage\":\"en-US\",\"@id\":\"https:\/\/aksioma.org\/scale\/sl\/kolofon\/#primaryimage\",\"url\":\"https:\/\/aksioma.org\/scale\/wp-content\/uploads\/2023\/02\/aksioma@2x.png\",\"contentUrl\":\"https:\/\/aksioma.org\/scale\/wp-content\/uploads\/2023\/02\/aksioma@2x.png\",\"width\":188,\"height\":80},{\"@type\":\"BreadcrumbList\",\"@id\":\"https:\/\/aksioma.org\/scale\/sl\/kolofon\/#breadcrumb\",\"itemListElement\":[{\"@type\":\"ListItem\",\"position\":1,\"name\":\"Home\",\"item\":\"https:\/\/aksioma.org\/scale\/\"},{\"@type\":\"ListItem\",\"position\":2,\"name\":\"Kolofon\"}]},{\"@type\":\"WebSite\",\"@id\":\"https:\/\/aksioma.org\/scale\/#website\",\"url\":\"https:\/\/aksioma.org\/scale\/\",\"name\":\"Tactics&amp;Practice #14: Scale\",\"description\":\"\",\"potentialAction\":[{\"@type\":\"SearchAction\",\"target\":{\"@type\":\"EntryPoint\",\"urlTemplate\":\"https:\/\/aksioma.org\/scale\/?s={search_term_string}\"},\"query-input\":{\"@type\":\"PropertyValueSpecification\",\"valueRequired\":true,\"valueName\":\"search_term_string\"}}],\"inLanguage\":\"en-US\"}]}<\/script>\n<!-- \/ Yoast SEO plugin. -->","yoast_head_json":{"title":"Kolofon - Tactics&amp;Practice #14: Scale","robots":{"index":"index","follow":"follow","max-snippet":"max-snippet:-1","max-image-preview":"max-image-preview:large","max-video-preview":"max-video-preview:-1"},"canonical":"https:\/\/aksioma.org\/scale\/sl\/kolofon\/","og_locale":"en_US","og_type":"article","og_title":"Kolofon - Tactics&amp;Practice #14: Scale","og_description":"Taktike&amp;praksa #14: Merilo Marec\u2013maj 2023 Sodelujo\u010di:Anna Engelhardt, Anthony Downey, Bani Brusadin, Farzin Lotfi-Jam, Laura Tripaldi, Liam Young, Mark Cinkevich, Mojca Kumerdej, Nadim Choufi, Nestor Sir\u00e9, Nicole L\u2019Huillier, Solveig Qu Suess, Steffen K\u00f6hn, \u0160pela Petri\u010d, Yu Hsin Su Kurator programa: Janez Fakin Jan\u0161aVodja produkcije: Marcela Okreti\u010dIzvr\u0161na producentka: Sonja GrdinaAsistenta produkcije: Maja Burja, Rok KrajncPromocija in upravljanje [&hellip;]","og_url":"https:\/\/aksioma.org\/scale\/sl\/kolofon\/","og_site_name":"Tactics&amp;Practice #14: Scale","article_modified_time":"2023-03-01T11:05:12+00:00","og_image":[{"url":"https:\/\/aksioma.org\/scale\/wp-content\/uploads\/2023\/02\/aksioma@2x.png","type":"","width":"","height":""}],"twitter_card":"summary_large_image","twitter_misc":{"Est. reading time":"4 minutes"},"schema":{"@context":"https:\/\/schema.org","@graph":[{"@type":"WebPage","@id":"https:\/\/aksioma.org\/scale\/sl\/kolofon\/","url":"https:\/\/aksioma.org\/scale\/sl\/kolofon\/","name":"Kolofon - Tactics&amp;Practice #14: Scale","isPartOf":{"@id":"https:\/\/aksioma.org\/scale\/#website"},"primaryImageOfPage":{"@id":"https:\/\/aksioma.org\/scale\/sl\/kolofon\/#primaryimage"},"image":{"@id":"https:\/\/aksioma.org\/scale\/sl\/kolofon\/#primaryimage"},"thumbnailUrl":"https:\/\/aksioma.org\/scale\/wp-content\/uploads\/2023\/02\/aksioma@2x.png","datePublished":"2023-02-15T05:47:01+00:00","dateModified":"2023-03-01T11:05:12+00:00","breadcrumb":{"@id":"https:\/\/aksioma.org\/scale\/sl\/kolofon\/#breadcrumb"},"inLanguage":"en-US","potentialAction":[{"@type":"ReadAction","target":["https:\/\/aksioma.org\/scale\/sl\/kolofon\/"]}]},{"@type":"ImageObject","inLanguage":"en-US","@id":"https:\/\/aksioma.org\/scale\/sl\/kolofon\/#primaryimage","url":"https:\/\/aksioma.org\/scale\/wp-content\/uploads\/2023\/02\/aksioma@2x.png","contentUrl":"https:\/\/aksioma.org\/scale\/wp-content\/uploads\/2023\/02\/aksioma@2x.png","width":188,"height":80},{"@type":"BreadcrumbList","@id":"https:\/\/aksioma.org\/scale\/sl\/kolofon\/#breadcrumb","itemListElement":[{"@type":"ListItem","position":1,"name":"Home","item":"https:\/\/aksioma.org\/scale\/"},{"@type":"ListItem","position":2,"name":"Kolofon"}]},{"@type":"WebSite","@id":"https:\/\/aksioma.org\/scale\/#website","url":"https:\/\/aksioma.org\/scale\/","name":"Tactics&amp;Practice #14: Scale","description":"","potentialAction":[{"@type":"SearchAction","target":{"@type":"EntryPoint","urlTemplate":"https:\/\/aksioma.org\/scale\/?s={search_term_string}"},"query-input":{"@type":"PropertyValueSpecification","valueRequired":true,"valueName":"search_term_string"}}],"inLanguage":"en-US"}]}},"lang":"sl","translations":{"sl":191,"en":12},"pll_sync_post":[],"_links":{"self":[{"href":"https:\/\/aksioma.org\/scale\/wp-json\/wp\/v2\/pages\/191","targetHints":{"allow":["GET"]}}],"collection":[{"href":"https:\/\/aksioma.org\/scale\/wp-json\/wp\/v2\/pages"}],"about":[{"href":"https:\/\/aksioma.org\/scale\/wp-json\/wp\/v2\/types\/page"}],"author":[{"embeddable":true,"href":"https:\/\/aksioma.org\/scale\/wp-json\/wp\/v2\/users\/2"}],"replies":[{"embeddable":true,"href":"https:\/\/aksioma.org\/scale\/wp-json\/wp\/v2\/comments?post=191"}],"version-history":[{"count":0,"href":"https:\/\/aksioma.org\/scale\/wp-json\/wp\/v2\/pages\/191\/revisions"}],"wp:attachment":[{"href":"https:\/\/aksioma.org\/scale\/wp-json\/wp\/v2\/media?parent=191"}],"curies":[{"name":"wp","href":"https:\/\/api.w.org\/{rel}","templated":true}]}}