{"id":12,"date":"2023-02-09T10:03:40","date_gmt":"2023-02-09T10:03:40","guid":{"rendered":"http:\/\/127.0.0.1:8888\/aksioma-scale\/?page_id=12"},"modified":"2026-04-13T19:14:37","modified_gmt":"2026-04-13T17:14:37","slug":"credits","status":"publish","type":"page","link":"https:\/\/aksioma.org\/scale\/credits\/","title":{"rendered":"Credits"},"content":{"rendered":"\n<h2 class=\"wp-block-heading\"><strong>Tactics&amp;Practice #14: Scale<\/strong><\/h2>\n\n\n\n<p>March\u2013May 2023<\/p>\n\n\n\n<p>Participants:<br>Anna Engelhardt, Anthony Downey, Bani Brusadin, Farzin Lotfi-Jam, Laura Tripaldi, Liam Young, Mark Cinkevich, Mojca Kumerdej, Nadim Choufi, Nestor Sir\u00e9, Nicole L\u2019Huillier, Solveig Qu Suess, Steffen K\u00f6hn, \u0160pela Petri\u010d, Yu Hsin Su<\/p>\n\n\n\n<p>Programme curator: Janez Fakin Jan\u0161a<br>Head of production: Marcela Okreti\u010d<br>Executive producer: Sonja Grdina<br>Production assistants: Maja Burja, Rok Krajnc<br>Promotion and social media management: Sonja Grdina, Tina Felicijan, Vid Hrovat, Dominika Ma\u0161a Kozar, Sara Vatovec<br>Web developer: Igor Kova\u010di\u0107<br>Visual identity: Federico Antonini, Simone Cavallin<br><br>Coordination at Kino \u0160i\u0161ka: Simona Jerala<br>Technicians: Valter Udovi\u010di\u0107, Matej Marin\u010dek<br>Webcast operator: Fixmedia<\/p>\n\n\n\n<p>Production:<br><a href=\"https:\/\/aksioma.org\" target=\"_blank\" rel=\"noreferrer noopener\">Aksioma \u2013 Institute for Contemporary Art, Ljubljana<\/a>, 2023<\/p>\n\n\n\n<figure class=\"wp-block-image size-full is-resized\"><img loading=\"lazy\" decoding=\"async\" src=\"https:\/\/aksioma.org\/scale\/wp-content\/uploads\/2023\/02\/aksioma@2x.png\" alt=\"\" class=\"wp-image-173\" width=\"94\" height=\"40\"\/><\/figure>\n\n\n\n<p>In collaboration with:<br><a href=\"https:\/\/www.kinosiska.si\/en\/\" target=\"_blank\" rel=\"noreferrer noopener\">Kino \u0160i\u0161ka Centre for Urban Culture<\/a>, <a href=\"https:\/\/www.aluo.uni-lj.si\/en\/\" target=\"_blank\" rel=\"noreferrer noopener\">ALUO \u2013 The Academy of Fine Arts and Design of the University of Ljubljana<\/a>, <a href=\"https:\/\/cukrarna.art\/en\/\" target=\"_blank\" rel=\"noreferrer noopener\">MGML \/ Cukrarna Gallery<\/a>, <a href=\"https:\/\/www.lokalpatriot.si\/\" target=\"_blank\" rel=\"noreferrer noopener\">Lokalpatriot<\/a>, <a href=\"https:\/\/wiki.ljudmila.org\/Main_Page\" target=\"_blank\" rel=\"noreferrer noopener\">Ljudmila Art and Science Laboratory<\/a><\/p>\n\n\n\n<div class=\"wp-block-group logo-group\"><div class=\"wp-block-group__inner-container is-layout-constrained wp-block-group-is-layout-constrained\">\n<figure class=\"wp-block-image size-full is-resized\"><img loading=\"lazy\" decoding=\"async\" src=\"https:\/\/aksioma.org\/scale\/wp-content\/uploads\/2023\/02\/kino-siska@2x.png\" alt=\"\" class=\"wp-image-178\" width=\"94\" height=\"40\"\/><\/figure>\n\n\n\n<figure class=\"wp-block-image size-full is-resized\"><img loading=\"lazy\" decoding=\"async\" src=\"https:\/\/aksioma.org\/scale\/wp-content\/uploads\/2023\/02\/aluo@2x.png\" alt=\"\" class=\"wp-image-174\" width=\"116\" height=\"41\"\/><\/figure>\n\n\n\n<figure class=\"wp-block-image size-full is-resized\"><img loading=\"lazy\" decoding=\"async\" src=\"https:\/\/aksioma.org\/scale\/wp-content\/uploads\/2023\/02\/cukrarna@2x.png\" alt=\"\" class=\"wp-image-175\" width=\"136\" height=\"40\"\/><\/figure>\n\n\n\n<figure class=\"wp-block-image size-full is-resized\"><img loading=\"lazy\" decoding=\"async\" src=\"https:\/\/aksioma.org\/scale\/wp-content\/uploads\/2023\/02\/lokalpatriot@2x.png\" alt=\"\" class=\"wp-image-182\" width=\"145\" height=\"40\"\/><\/figure>\n\n\n\n<figure class=\"wp-block-image size-full is-resized\"><img loading=\"lazy\" decoding=\"async\" src=\"https:\/\/aksioma.org\/scale\/wp-content\/uploads\/2023\/02\/ljudmila@2x.png\" alt=\"\" class=\"wp-image-181\" width=\"43\" height=\"40\"\/><\/figure>\n<\/div><\/div>\n\n\n\n<p>For the series:<br><a href=\"https:\/\/aksioma.org\/tactics.practice\" target=\"_blank\" rel=\"noreferrer noopener\">Tactics&amp;Practice<\/a><\/p>\n\n\n\n<figure class=\"wp-block-image size-full is-resized\"><img loading=\"lazy\" decoding=\"async\" src=\"https:\/\/aksioma.org\/scale\/wp-content\/uploads\/2023\/02\/tip@2x.png\" alt=\"\" class=\"wp-image-185\" width=\"94\" height=\"40\"\/><\/figure>\n\n\n\n<p>This edition of <em>Tactics&amp;Practice <\/em>is a follow-up programme to transmediale 2023, conceived independently by Janez Fakin Jan\u0161a and the Aksioma team with curatorial advice from Nora O Murch\u00fa, artistic director of transmediale.<\/p>\n\n\n\n<figure class=\"wp-block-image size-full is-resized\"><img loading=\"lazy\" decoding=\"async\" src=\"https:\/\/aksioma.org\/scale\/wp-content\/uploads\/2023\/02\/transmediale.png\" alt=\"\" class=\"wp-image-260\" width=\"145\" height=\"40\"\/><\/figure>\n\n\n\n<p>All activities in March are part of <a href=\"https:\/\/konsekvence.si\/\"><em>konSequences \u2013 Fragments of a Possible Ecosystem<\/em><\/a>.<\/p>\n\n\n\n<figure class=\"wp-block-image size-full is-resized\"><img loading=\"lazy\" decoding=\"async\" src=\"https:\/\/aksioma.org\/scale\/wp-content\/uploads\/2023\/02\/konsekvence@2x.png\" alt=\"\" class=\"wp-image-180\" width=\"40\" height=\"40\"\/><\/figure>\n\n\n\n<p>The <strong><em>Shifting Scales<\/em><\/strong><em> <\/em>conference and all the workshops have been produced in the framework of <a href=\"https:\/\/kons-platforma.org\/en\/\"><em>konS \u2261 Platform for Contemporary Investigative Art<\/em><\/a>, a project chosen on the public call for the selection of the operations \u201cNetwork of Investigative Art and Culture Centres\u201d co-financed by the Republic of Slovenia and by the European Regional Development Fund of the European Union.<br><br>The exhibitions, lectures and publications are supported by the Ministry of Culture of the Republic of Slovenia and the Municipality of Ljubljana.<\/p>\n\n\n\n<p>Laura Tripaldi&#8217;s keynote is supported by the&nbsp;<a href=\"https:\/\/iiclubiana.esteri.it\/iic_lubiana\" target=\"_blank\" rel=\"noreferrer noopener\">Istituto Italiano di Cultura Lubiana<\/a><\/p>\n\n\n\n<div class=\"wp-block-group logo-group\"><div class=\"wp-block-group__inner-container is-layout-constrained wp-block-group-is-layout-constrained\">\n<figure class=\"wp-block-image size-full is-resized\"><img loading=\"lazy\" decoding=\"async\" src=\"https:\/\/aksioma.org\/scale\/wp-content\/uploads\/2023\/02\/kons@2x.png\" alt=\"\" class=\"wp-image-179\" width=\"94\" height=\"40\"\/><\/figure>\n\n\n\n<figure class=\"wp-block-image size-full is-resized\"><img loading=\"lazy\" decoding=\"async\" src=\"https:\/\/aksioma.org\/scale\/wp-content\/uploads\/2023\/02\/mzk@2x.png\" alt=\"\" class=\"wp-image-184\" width=\"197\" height=\"40\"\/><\/figure>\n\n\n\n<figure class=\"wp-block-image size-full is-resized\"><img loading=\"lazy\" decoding=\"async\" src=\"https:\/\/aksioma.org\/scale\/wp-content\/uploads\/2023\/02\/eu@2x.png\" alt=\"\" class=\"wp-image-176\" width=\"96\" height=\"40\"\/><\/figure>\n\n\n\n<figure class=\"wp-block-image size-full is-resized\"><img loading=\"lazy\" decoding=\"async\" src=\"https:\/\/aksioma.org\/scale\/wp-content\/uploads\/2023\/02\/mol@2x.png\" alt=\"\" class=\"wp-image-183\" width=\"112\" height=\"40\"\/><\/figure>\n\n\n\n<figure class=\"wp-block-image size-full is-resized\"><img loading=\"lazy\" decoding=\"async\" src=\"https:\/\/aksioma.org\/scale\/wp-content\/uploads\/2023\/03\/IIC-vector-lubiana-BW-01-1.png\" alt=\"\" class=\"wp-image-375\" width=\"95\" height=\"52\"\/><\/figure>\n<\/div><\/div>\n","protected":false},"excerpt":{"rendered":"<p>Tactics&amp;Practice #14: Scale March\u2013May 2023 Participants:Anna Engelhardt, Anthony Downey, Bani Brusadin, Farzin Lotfi-Jam, Laura Tripaldi, Liam Young, Mark Cinkevich, Mojca Kumerdej, Nadim Choufi, Nestor Sir\u00e9, Nicole L\u2019Huillier, Solveig Qu Suess, Steffen K\u00f6hn, \u0160pela Petri\u010d, Yu Hsin Su Programme curator: Janez Fakin Jan\u0161aHead of production: Marcela Okreti\u010dExecutive producer: Sonja GrdinaProduction assistants: Maja Burja, Rok KrajncPromotion and [&hellip;]<\/p>\n","protected":false},"author":1,"featured_media":0,"parent":0,"menu_order":90,"comment_status":"closed","ping_status":"closed","template":"","meta":{"_acf_changed":false,"footnotes":""},"class_list":["post-12","page","type-page","status-publish","hentry"],"acf":[],"yoast_head":"<!-- This site is optimized with the Yoast SEO plugin v27.2 - https:\/\/yoast.com\/product\/yoast-seo-wordpress\/ -->\n<title>Credits - Tactics&amp;Practice #14: Scale<\/title>\n<meta name=\"robots\" content=\"index, follow, max-snippet:-1, max-image-preview:large, max-video-preview:-1\" \/>\n<link rel=\"canonical\" href=\"https:\/\/aksioma.org\/scale\/credits\/\" \/>\n<meta property=\"og:locale\" content=\"en_US\" \/>\n<meta property=\"og:type\" content=\"article\" \/>\n<meta property=\"og:title\" content=\"Credits - Tactics&amp;Practice #14: Scale\" \/>\n<meta property=\"og:description\" content=\"Tactics&amp;Practice #14: Scale March\u2013May 2023 Participants:Anna Engelhardt, Anthony Downey, Bani Brusadin, Farzin Lotfi-Jam, Laura Tripaldi, Liam Young, Mark Cinkevich, Mojca Kumerdej, Nadim Choufi, Nestor Sir\u00e9, Nicole L\u2019Huillier, Solveig Qu Suess, Steffen K\u00f6hn, \u0160pela Petri\u010d, Yu Hsin Su Programme curator: Janez Fakin Jan\u0161aHead of production: Marcela Okreti\u010dExecutive producer: Sonja GrdinaProduction assistants: Maja Burja, Rok KrajncPromotion and [&hellip;]\" \/>\n<meta property=\"og:url\" content=\"https:\/\/aksioma.org\/scale\/credits\/\" \/>\n<meta property=\"og:site_name\" content=\"Tactics&amp;Practice #14: Scale\" \/>\n<meta property=\"article:modified_time\" content=\"2026-04-13T17:14:37+00:00\" \/>\n<meta property=\"og:image\" content=\"https:\/\/aksioma.org\/scale\/wp-content\/uploads\/2023\/02\/aksioma@2x.png\" \/>\n\t<meta property=\"og:image:width\" content=\"188\" \/>\n\t<meta property=\"og:image:height\" content=\"80\" \/>\n\t<meta property=\"og:image:type\" content=\"image\/png\" \/>\n<meta name=\"twitter:card\" content=\"summary_large_image\" \/>\n<script type=\"application\/ld+json\" class=\"yoast-schema-graph\">{\"@context\":\"https:\/\/schema.org\",\"@graph\":[{\"@type\":\"WebPage\",\"@id\":\"https:\/\/aksioma.org\/scale\/credits\/\",\"url\":\"https:\/\/aksioma.org\/scale\/credits\/\",\"name\":\"Credits - Tactics&amp;Practice #14: Scale\",\"isPartOf\":{\"@id\":\"https:\/\/aksioma.org\/scale\/#website\"},\"primaryImageOfPage\":{\"@id\":\"https:\/\/aksioma.org\/scale\/credits\/#primaryimage\"},\"image\":{\"@id\":\"https:\/\/aksioma.org\/scale\/credits\/#primaryimage\"},\"thumbnailUrl\":\"https:\/\/aksioma.org\/scale\/wp-content\/uploads\/2023\/02\/aksioma@2x.png\",\"datePublished\":\"2023-02-09T10:03:40+00:00\",\"dateModified\":\"2026-04-13T17:14:37+00:00\",\"breadcrumb\":{\"@id\":\"https:\/\/aksioma.org\/scale\/credits\/#breadcrumb\"},\"inLanguage\":\"en-US\",\"potentialAction\":[{\"@type\":\"ReadAction\",\"target\":[\"https:\/\/aksioma.org\/scale\/credits\/\"]}]},{\"@type\":\"ImageObject\",\"inLanguage\":\"en-US\",\"@id\":\"https:\/\/aksioma.org\/scale\/credits\/#primaryimage\",\"url\":\"https:\/\/aksioma.org\/scale\/wp-content\/uploads\/2023\/02\/aksioma@2x.png\",\"contentUrl\":\"https:\/\/aksioma.org\/scale\/wp-content\/uploads\/2023\/02\/aksioma@2x.png\",\"width\":188,\"height\":80},{\"@type\":\"BreadcrumbList\",\"@id\":\"https:\/\/aksioma.org\/scale\/credits\/#breadcrumb\",\"itemListElement\":[{\"@type\":\"ListItem\",\"position\":1,\"name\":\"Home\",\"item\":\"https:\/\/aksioma.org\/scale\/\"},{\"@type\":\"ListItem\",\"position\":2,\"name\":\"Credits\"}]},{\"@type\":\"WebSite\",\"@id\":\"https:\/\/aksioma.org\/scale\/#website\",\"url\":\"https:\/\/aksioma.org\/scale\/\",\"name\":\"Tactics&amp;Practice #14: Scale\",\"description\":\"\",\"potentialAction\":[{\"@type\":\"SearchAction\",\"target\":{\"@type\":\"EntryPoint\",\"urlTemplate\":\"https:\/\/aksioma.org\/scale\/?s={search_term_string}\"},\"query-input\":{\"@type\":\"PropertyValueSpecification\",\"valueRequired\":true,\"valueName\":\"search_term_string\"}}],\"inLanguage\":\"en-US\"}]}<\/script>\n<!-- \/ Yoast SEO plugin. -->","yoast_head_json":{"title":"Credits - Tactics&amp;Practice #14: Scale","robots":{"index":"index","follow":"follow","max-snippet":"max-snippet:-1","max-image-preview":"max-image-preview:large","max-video-preview":"max-video-preview:-1"},"canonical":"https:\/\/aksioma.org\/scale\/credits\/","og_locale":"en_US","og_type":"article","og_title":"Credits - Tactics&amp;Practice #14: Scale","og_description":"Tactics&amp;Practice #14: Scale March\u2013May 2023 Participants:Anna Engelhardt, Anthony Downey, Bani Brusadin, Farzin Lotfi-Jam, Laura Tripaldi, Liam Young, Mark Cinkevich, Mojca Kumerdej, Nadim Choufi, Nestor Sir\u00e9, Nicole L\u2019Huillier, Solveig Qu Suess, Steffen K\u00f6hn, \u0160pela Petri\u010d, Yu Hsin Su Programme curator: Janez Fakin Jan\u0161aHead of production: Marcela Okreti\u010dExecutive producer: Sonja GrdinaProduction assistants: Maja Burja, Rok KrajncPromotion and [&hellip;]","og_url":"https:\/\/aksioma.org\/scale\/credits\/","og_site_name":"Tactics&amp;Practice #14: Scale","article_modified_time":"2026-04-13T17:14:37+00:00","og_image":[{"width":188,"height":80,"url":"https:\/\/aksioma.org\/scale\/wp-content\/uploads\/2023\/02\/aksioma@2x.png","type":"image\/png"}],"twitter_card":"summary_large_image","schema":{"@context":"https:\/\/schema.org","@graph":[{"@type":"WebPage","@id":"https:\/\/aksioma.org\/scale\/credits\/","url":"https:\/\/aksioma.org\/scale\/credits\/","name":"Credits - Tactics&amp;Practice #14: Scale","isPartOf":{"@id":"https:\/\/aksioma.org\/scale\/#website"},"primaryImageOfPage":{"@id":"https:\/\/aksioma.org\/scale\/credits\/#primaryimage"},"image":{"@id":"https:\/\/aksioma.org\/scale\/credits\/#primaryimage"},"thumbnailUrl":"https:\/\/aksioma.org\/scale\/wp-content\/uploads\/2023\/02\/aksioma@2x.png","datePublished":"2023-02-09T10:03:40+00:00","dateModified":"2026-04-13T17:14:37+00:00","breadcrumb":{"@id":"https:\/\/aksioma.org\/scale\/credits\/#breadcrumb"},"inLanguage":"en-US","potentialAction":[{"@type":"ReadAction","target":["https:\/\/aksioma.org\/scale\/credits\/"]}]},{"@type":"ImageObject","inLanguage":"en-US","@id":"https:\/\/aksioma.org\/scale\/credits\/#primaryimage","url":"https:\/\/aksioma.org\/scale\/wp-content\/uploads\/2023\/02\/aksioma@2x.png","contentUrl":"https:\/\/aksioma.org\/scale\/wp-content\/uploads\/2023\/02\/aksioma@2x.png","width":188,"height":80},{"@type":"BreadcrumbList","@id":"https:\/\/aksioma.org\/scale\/credits\/#breadcrumb","itemListElement":[{"@type":"ListItem","position":1,"name":"Home","item":"https:\/\/aksioma.org\/scale\/"},{"@type":"ListItem","position":2,"name":"Credits"}]},{"@type":"WebSite","@id":"https:\/\/aksioma.org\/scale\/#website","url":"https:\/\/aksioma.org\/scale\/","name":"Tactics&amp;Practice #14: Scale","description":"","potentialAction":[{"@type":"SearchAction","target":{"@type":"EntryPoint","urlTemplate":"https:\/\/aksioma.org\/scale\/?s={search_term_string}"},"query-input":{"@type":"PropertyValueSpecification","valueRequired":true,"valueName":"search_term_string"}}],"inLanguage":"en-US"}]}},"lang":"en","translations":{"en":12,"sl":191},"pll_sync_post":[],"_links":{"self":[{"href":"https:\/\/aksioma.org\/scale\/wp-json\/wp\/v2\/pages\/12","targetHints":{"allow":["GET"]}}],"collection":[{"href":"https:\/\/aksioma.org\/scale\/wp-json\/wp\/v2\/pages"}],"about":[{"href":"https:\/\/aksioma.org\/scale\/wp-json\/wp\/v2\/types\/page"}],"author":[{"embeddable":true,"href":"https:\/\/aksioma.org\/scale\/wp-json\/wp\/v2\/users\/1"}],"replies":[{"embeddable":true,"href":"https:\/\/aksioma.org\/scale\/wp-json\/wp\/v2\/comments?post=12"}],"version-history":[{"count":0,"href":"https:\/\/aksioma.org\/scale\/wp-json\/wp\/v2\/pages\/12\/revisions"}],"wp:attachment":[{"href":"https:\/\/aksioma.org\/scale\/wp-json\/wp\/v2\/media?parent=12"}],"curies":[{"name":"wp","href":"https:\/\/api.w.org\/{rel}","templated":true}]}}